mmon factor of 801 and 99.
9
What is the greatest common factor of 12 and 160?
4
What is the highest common divisor of 10 and 300?
10
Calculate the highest common factor of 315 and 2625.
105
What is the highest common divisor of 203 and 7?
7
What is the greatest common factor of 246 and 1038?
6
Calculate the highest common divisor of 1617 and 6027.
147
What is the greatest common divisor of 10507 and 133?
133
What is the highest common factor of 32 and 74?
2
What is the greatest common factor of 5138 and 14?
14
What is the highest common divisor of 143 and 22?
11
What is the greatest common factor of 20 and 404?
4
What is the highest common divisor of 1584 and 384?
48
What is the greatest common divisor of 63 and 6?
3
Calculate the highest common factor of 113544 and 249.
249
What is the highest common divisor of 23 and 667?
23
What is the greatest common factor of 3430 and 882?
98
What is the highest common factor of 7 and 8351?
7
Calculate the greatest common factor of 672 and 120.
24
Calculate the greatest common factor of 68 and 4318.
34
What is the highest common divisor of 1080 and 1248?
24
What is the greatest common factor of 1226 and 2?
2
Calculate the highest common divisor of 1222 and 94.
94
Calculate the highest common divisor of 1 and 2569.
1
What is the highest common factor of 16 and 64?
16
Calculate the highest common factor of 1525 and 61.
61
Calculate the greatest common divisor of 68 and 612.
68
What is the highest common factor of 165 and 4092?
33
Calculate the highest common divisor of 88 and 400.
8
What is the highest common factor of 610 and 25?
5
What is the greatest common factor of 33 and 2112?
33
Calculate the highest common factor of 22 and 418.
22
Calculate the highest common factor of 57 and 3021.
57
What is the greatest common divisor of 56 and 49?
7
Calculate the highest common factor of 682 and 620.
62
What is the greatest common divisor of 4 and 228?
4
Calculate the greatest common divisor of 611 and 2561.
13
Calculate the highest common divisor of 39 and 1599.
39
What is the greatest common divisor of 125 and 325?
25
Calculate the highest common factor of 54 and 17550.
54
Calculate the highest common factor of 70 and 14.
14
What is the greatest common factor of 880 and 5?
5
What is the highest common factor of 8667 and 428?
107
Calculate the greatest common factor of 330 and 90.
30
What is the greatest common factor of 11 and 12485?
11
Calculate the greatest common divisor of 5934 and 69.
69
What is the greatest common divisor of 23778 and 18?
18
What is the greatest common divisor of 11 and 5?
1
What is the highest common divisor of 150 and 46?
2
What is the highest common factor of 2628 and 2?
2
What is the highest common divisor of 2900 and 300?
100
What is the highest common factor of 225 and 810?
45
What is the greatest common divisor of 51 and 697?
17
Calculate the highest common factor of 16389 and 27.
27
What is the greatest common divisor of 280 and 35?
35
What is the greatest common factor of 81 and 54?
27
Calculate the greatest common factor of 6 and 288.
6
What is the greatest common factor of 7376 and 80?
16
What is the highest common factor of 148 and 407?
37
What is the greatest common factor of 4 and 3104?
4
Calculate the highest common factor of 28 and 164.
4
Calculate the highest common factor of 393 and 18864.
393
Calculate the greatest common divisor of 152 and 1254.
38
What is the greatest common factor of 136 and 32?
8
What is the highest common divisor of 11495 and 285?
95
Calculate the highest common divisor of 456 and 5880.
24
Calculate the highest common divisor of 448 and 10528.
224
What is the greatest common divisor of 18 and 1602?
18
What is the greatest common factor of 7812 and 18?
18
What is the highest common divisor of 64 and 212?
4
What is the greatest common divisor of 2542 and 62?
62
Calculate the highest common factor of 12 and 17228.
4
What is the greatest common divisor of 272 and 170?
34
What is the highest common divisor of 45 and 90?
45
What is the highest common factor of 488 and 8?
8
What is the greatest common factor of 14 and 4?
2
What is the greatest common factor of 18 and 2916?
18
Calculate the highest common factor of 603 and 72.
9
What is the greatest common factor of 35 and 295?
5
What is the greatest common divisor of 27537 and 1233?
411
Calculate the highest common factor of 137 and 2.
1
What is the highest common divisor of 20554 and 86?
86
What is the highest common factor of 150 and 200?
50
What is the greatest common factor of 923 and 568?
71
What is the greatest common factor of 88 and 1188?
44
Calculate the greatest common factor of 5978 and 98.
98
Calculate the greatest common factor of 49 and 2.
1
What is the greatest common divisor of 81 and 2817?
9
What is the highest common factor of 40 and 104?
8
Calculate the greatest common divisor of 16258 and 11.
11
Calculate the greatest common factor of 9 and 207.
9
Calculate the highest common divisor of 1112 and 16.
8
Calculate the highest common divisor of 20 and 112.
4
What is the highest common divisor of 52 and 12?
4
What is the highest common divisor of 294 and 6664?
98
Calculate the greatest common factor of 105 and 42.
21
What is the greatest common divisor of 23496 and 24?
24
Calculate the highest common divisor of 88 and 2244.
44
Calculate the greatest common factor of 256 and 928.
32
What is the highest common divisor of 1250 and 1850?
50
Calculate the highest common factor of 360 and 46260.
180
What is the greatest common factor of 63 and 105?
21
Calculate the highest common divisor of 160 and 380.
20
What is the greatest common divisor of 894 and 12?
6
Calculate the highest common divisor of 4070 and 44.
22
What is the highest common factor of 65160 and 12?
12
What is the highest common divisor of 249 and 12?
3
Calculate the highest common divisor of 10 and 1450.
10
Calculate the greatest common factor of 4 and 52.
4
What is the greatest common factor of 145 and 15?
5
What is the greatest common factor of 371 and 14?
7
What is the highest common factor of 30 and 17970?
30
What is the highest common divisor of 1263 and 6?
3
What is the highest common factor of 10706 and 808?
202
Calculate the highest common divisor of 133 and 1102.
19
Calculate the highest common factor of 658 and 70.
14
Calculate the greatest common divisor of 108 and 76.
4
What is the highest common factor of 173 and 1?
1
What is the highest common divisor of 1031 and 1?
1
What is the greatest common divisor of 18 and 17901?
9
Calculate the greatest common divisor of 67 and 1072.
67
Calculate the greatest common divisor of 28 and 1134.
14
Calculate the greatest common divisor of 10 and 890.
10
What is the highest common divisor of 3149 and 47?
47
Calculate the greatest common divisor of 10 and 80.
10
Calculate the highest common factor of 1027 and 13.
13
Calculate the highest common factor of 684 and 36.
36
What is the highest common divisor of 1485 and 110?
55
What is the highest common factor of 266 and 252?
14
What is the greatest common divisor of 65 and 975?
65
Calculate the greatest common factor of 37 and 4181.
37
Calculate the greatest common divisor of 391 and 323.
17
Calculate the highest common factor of 276 and 27692.
92
What is the greatest common divisor of 48 and 128?
16
What is the greatest common divisor of 696 and 6?
6
Calculate the greatest common factor of 3459 and 15.
3
What is the highest common factor of 153 and 27?
9
What is the greatest common factor of 14 and 14?
14
What is the highest common divisor of 8640 and 216?
216
Calculate the greatest common factor of 5626 and 1746.
194
Calculate the greatest common divisor of 10 and 160.
10
What is the highest common factor of 4 and 16?
4
What is the greatest common factor of 11 and 539?
11
What is the greatest common divisor of 35 and 2?
1
What is the greatest common factor of 51 and 867?
51
What is the highest common factor of 20 and 40?
20
Calculate the greatest common factor of 72 and 48.
24
Calculate the highest common factor of 24 and 1384.
8
What is the highest common divisor of 66 and 33?
33
Calculate the greatest common factor of 798 and 28.
14
Calculate the highest common divisor of 60 and 120.
60
Calculate the highest common factor of 36